 (base 6) to base 3.
-12002001122
What is -161302 (base 11) in base 4?
-331023201
What is -1893a71 (base 12) in base 11?
-2a11306
Convert -22043102 (base 5) to base 9.
-320157
-23324403 (base 5) to base 12
-a4069
Convert -190a7 (base 15) to base 11.
-55a7a
-340443 (base 9) to base 7
-1506015
What is -1465664 (base 7) in base 6?
-4152042
What is -600013 (base 7) in base 14?
-28a7a
Convert 33334713 (base 8) to base 13.
164a12b
29166 (base 15) to base 12
64436
-3262c3 (base 15) to base 16
-24a002
What is -557d6 (base 15) in base 16?
-425a0
What is -10100001110001111 (base 2) in base 12?
-3bb27
309561 (base 11) to base 10
495804
What is 1111000100101111100 (base 2) in base 11?
308124
Convert -20425153 (base 7) to base 8.
-6441126
-100100001100100010110 (base 2) to base 14
-22c354
4201401102 (base 5) to base 10
8622027
What is 116108 (base 10) in base 7?
662336
Convert 330565 (base 7) to base 11.
3a571
3203002000 (base 5) to base 3
110120202212110
What is -40e57 (base 15) in base 4?
-302032210
-102a87 (base 11) to base 13
-5a159
What is 2652570 (base 8) in base 6?
23530440
Convert 62628 (base 10) to base 6.
1201540
Convert 874b (base 12) to base 7.
61262
-140d83 (base 14) to base 11
-434587
101100101001000110000110 (base 2) to base 3
211000120000221
Convert 101112001210220 (base 3) to base 4.
111111003330
4432412200 (base 5) to base 7
145025630
Convert -3013222 (base 4) to base 12.
-748a
Convert -20010101120 (base 3) to base 12.
-59936
Convert -220011222110020 (base 3) to base 14.
-19c7c6c
Convert -408348 (base 10) to base 8.
-1435434
What is 11000111001001001001 (base 2) in base 13?
227374
Convert -934476 (base 10) to base 3.
-1202110212020
Convert -110110001111110110010 (base 2) to base 4.
-12301332302
-111220023310 (base 4) to base 11
-3222740
111231303210 (base 4) to base 6
322002500
What is 221793 (base 12) in base 13?
15c900
What is 11111010000010011 (base 2) in base 4?
133100103
What is 441516 (base 10) in base 15?
8ac46
Convert 1000011000011101110 (base 2) to base 15.
565b5
-1000102001221 (base 3) to base 8
-2035570
Convert -660522 (base 10) to base 2.
-10100001010000101010
-424215 (base 9) to base 14
-67db4
Convert 116543 (base 15) to base 11.
518743
What is 10333131233 (base 4) in base 16?
13f76f
-225a6 (base 14) to base 8
-242766
Convert -11672803 (base 10) to base 6.
-1054104431
What is -202121011202 (base 3) in base 4?
-1202333030
Convert 5205160 (base 7) to base 16.
98431
-b062 (base 14) to base 16
-763e
Convert -1914b (base 13) to base 15.
-e5cb
6531032 (base 7) to base 12
325622
Convert -2247251 (base 8) to base 5.
-124004321
Convert 1022130131 (base 4) to base 2.
1001010011100011101
Convert 5451 (base 11) to base 16.
1c1b
What is 1302300302 (base 4) in base 12?
1a8042
Convert 451c63 (base 14) to base 3.
11102022121200
What is 97371 (base 16) in base 9?
1143556
What is -110101010101010001 (base 2) in base 16?
-35551
What is 3ea17 (base 16) in base 14?
696bd
Convert 154265 (base 9) to base 12.
46b7b
Convert -201e4 (base 15) to base 3.
-12011111021
Convert -100222220020 (base 3) to base 13.
-6b730
Convert -263743a (base 12) to base 7.
-121042114
Convert -a1d53 (base 14) to base 2.
-1011111000110010101
What is 4a9e1 (base 16) in base 11?
199699
Convert -29c (base 15) to base 7.
-1512
783a (base 11) to base 6
115452
Convert 382662 (base 12) to base 11.
576875
-823547 (base 9) to base 11
-303832
Convert -2703272 (base 10) to base 7.
-31656155
-1bc449 (base 13) to base 2
-10101101111101110101
What is -6501616 (base 8) in base 5?
-421100424
11416a5 (base 11) to base 8
7465204
Convert -11031000 (base 5) to base 12.
-474b2
What is -1101111111111111111101 (base 2) in base 5?
-1414420023
147555 (base 15) to base 8
3607121
Convert 202435 (base 6) to base 4.
3330113
43233 (base 10) to base 5
2340413
What is 166b1 (base 12) in base 16?
7d65
What is -149256 (base 10) in base 3?
-21120202000
-8d68d (base 14) to base 11
-215751
1403594 (base 12) to base 4
33031132000
What is -5b6a6 (base 13) in base 9?
-275552
What is -35a953 (base 14) in base 7?
-21411233
What is 2444131 (base 6) in base 15?
28a14
-6041250 (base 7) to base 9
-1311116
-152987 (base 13) to base 2
-1111110111110111100
Convert -556067 (base 8) to base 10.
-187447
What is 31034032 (base 5) in base 3?
110211012212
Convert -59ca1b (base 15) to base 4.
-100120221230
Convert 83308 (base 14) to base 8.
1151374
132122033 (base 4) to base 9
208768
Convert 203143234 (base 5) to base 7.
10043024
-e32867 (base 16) to base 14
-1d97423
Convert -303012320030 (base 4) to base 10.
-13397516
17ba10 (base 16) to base 11
9722a0
Convert -2602404 (base 7) to base 5.
-41241101
33101112222 (base 4) to base 7
46012155
Convert -41e6c9 (base 16) to base 5.
-2101201141
Convert -517ddd (base 14) to base 6.
-134533035
What is -3221231114 (base 5) in base 12?
-234b268
What is 312313103 (base 4) in base 9?
372232
What is 442524531 (base 6) in base 8?
36326247
What is 1011110110101001111 (base 2) in base 5?
44412211
What is -20220122221010 (base 3) in base 5?
-1420032414
What is 11031312112 (base 4) in base 11?
854423
What is -5032543 (base 6) in base 14?
-62943
What is 84807 (base 9) in base 8?
155373
What is 590a677 (base 11) in base 3?
201102101021111
-43412213 (base 7) to base 16
-38b9a6
What is 3543112 (base 6) in base 12?
8aa98
Convert -3132142 (base 9) to base 3.
-10011002011102
53a3ac (base 13) to base 9
3624134
What is 155144 (base 6) in base 5?
443100
ccc0c (base 13) to base 16
5a9c0
Convert -32426626 (base 7) to base 14.
-52534d
Convert -893c15 (base 13) to base 3.
-20002101222222
What is 11661101 (base 7) in base 13?
2b005b
-8875556 (base 9) to base 2
-10010001101100000111100
What is -22171547 (base 8) in base 15?
-64686d
Convert -21112202220 (base 3) to base 9.
-245686
What is -5311cc (base 16) in base 11?
-3089211
Convert b50b8 (base 16) to base 6.
23521052
What is 36491 (base 10) in base 12?
1914b
What is -324948 (base 11) in base 16?
-7eaf4
Convert -38b669a (base 12) to base 8.
-52533526
1554451 (base 7) to base 13
76cc0
-32442100 (base 5) to base 8
-1044504
What is 13098667 (base 10) in base 11?
743724a
6448346 (base 11) to base 15
ee0e30
f2f0d (base 16) to base 10
995085
10222012222 (base 3) to base 5
10000124
-110011000000 (base 2) to base 16
-cc0
Convert 323031223011 (base 4) to base 13.
32a6417
What is -1896634 (base 13) in base 16?
-7b1d59
103b955 (base 12) to base 2
1011101101001010010001
What is 2a98cb (base 16) in base 14?
5294dd
Convert -10101101000100100000 (base 2) to base 14.
-1464b6
Convert -101343403 (base 5) to base 4.
-1212030223
What is 553655 (base 9) in base 3?
121210201212
What is 100012011 (base 3) in base 11?
5041
4034050 (base 7) to base 12
1b139a
What is -31011323 (base 4) in base 10?
-53627
What is 2c7 (base 13) in base 14?
27b
What is 22201210010210 (base 3) in base 12?
1679870
What is -20058 (base 13) in base 3?
-2220110100
-551053202 (base 6) to base 12
-3371202
Convert 35537b4 (base 13) to base 8.
76712302
What is 2574aa (base 11) in base 10?
405228
What is 1011222 (base 5) in base 6?
204033
What is -201011110112 (base 3) in base 15?
-76b8b
Convert -327a8 (base 14) to base 12.
-5a900
10100000010100001 (base 2) to base 4
110002201
What is 101001011010100100010000 (base 2) in base 14?
1628760
-1001010001000000 (base 2) to base 16
-9440
What is -194809 (base 10) in base 4?
-233203321
Convert -1112121122200 (base 3) to base 16.
-c7fc8
-14452 (base 8) to base 11
-4927
Convert 304133003 (base 5) to base 10.
1239753
Convert -269679 (base 14) to base 15.
-1b4a83
-346dd8 (base 14) to base 12
-721916
Convert -10032002 (base 6) to base 12.
-118602
Convert 436242 (base 7) to base 4.
102231021
-5281134 (base 9) to base 12
-b44b34
Convert 320a5 (base 15) to base 11.
a9326
1233003220 (base 4) to base 10
454888
Convert 1100211212122 (base 3) to base 16.
b1110
1241519 (base 10) to base 15
197cce
120200212120 (base 3) to base 9
520776
Convert -1a240 (base 11) to base 12.
-14411
412a (base 15) to base 7
55063
Convert -34417125 (base 8) to base 5.
-3403310434
What is 1677266 (base 11) in base 3?
12100210110000
What is -537906 (base 10) in base 16?
-83532
-2256160 (base 8) to base 10
-613488
32716 (base 10) to base 3
1122212201
What is 105051421 (base 6) in base 5?
442412444
Convert -122